{"id":89,"date":"2014-08-02T20:46:23","date_gmt":"2014-08-02T18:46:23","guid":{"rendered":"http:\/\/hs-seesen.de\/obs\/?page_id=89"},"modified":"2021-07-30T11:58:00","modified_gmt":"2021-07-30T09:58:00","slug":"franzoesisch","status":"publish","type":"page","link":"https:\/\/obs-seesen.de\/?page_id=89","title":{"rendered":"Franz\u00f6sisch"},"content":{"rendered":"<p>Ab Jahrgang 6 bieten wir mit Franz\u00f6sisch eine zweite Fremdsprache an. Franz\u00f6sisch ist nicht nur eine Sprache, die wundersch\u00f6n klingt, sondern auch eine sehr n\u00fctzliche Sprache: \u00dcberall auf der ganzen Welt sprechen 274 Millionen Menschen Franz\u00f6sisch. Hinzu kommen 125 Millionen, die Franz\u00f6sisch lernen. Damit ist Franz\u00f6sisch nach Englisch, die am meisten unterrichtete Sprache der Welt!<\/p>\n<p>An der <em>Oberschule Seesen<\/em> lernen wir auch Franz\u00f6sisch, um mit verschiedenen Partnerschulen zu kommunizieren. \u00dcber die europ\u00e4ische Plattform <em>Etwinning<\/em> sind wir bereits mit einigen Schulen vernetzt und tauschen uns digital aus. Mit dem <a href=\"https:\/\/clg-arimbaud-belfort.eclat-bfc.fr\/\"><em>Coll\u00e8ge Arthur Rimbaud<\/em> in Belfort<\/a>, einer kleinen Stadt in der N\u00e4he der deutsch-franz\u00f6sischen Grenze, haben wir viele Kontakte. Auch Austauschfahrten sind geplant!<\/p>\n<p>\u00dcber Franz\u00f6sisch an der Oberschule Seesen:<\/p>\n<ul>\n<li>ab Klasse 6 als Wahlpflichtkurs (WPK) w\u00e4hlbar; in h\u00f6heren Jahrg\u00e4ngen ist einen Einstieg nicht mehr m\u00f6glich<\/li>\n<li>4 Stunden Unterricht pro Woche<\/li>\n<li>f\u00fcr den Gymnasialzweig der ObS \/ \u00dcbergang ans Gymnasium notwendig \/ empfehlenswert<\/li>\n<li>Austauschprojekte mit franz\u00f6sischsprachigen Jugendlichen<\/li>\n<li>Nutzung der europ\u00e4ischen Austauschplattform <em>Etwinning<\/em><\/li>\n<\/ul>\n<p>Sprache und Kultur gehen bei uns Hand in Hand: Im Unterricht lernen wir mehr \u00fcber franz\u00f6sische Traditionen und Essgewohnheiten, Musik und Jugendsprache, franz\u00f6sischsprachige L\u00e4nder, usw\u2026<\/p>\n<p><em><strong>Lust unsere Partnerschule in Belfort kennenzulernen?<\/strong><\/em><\/p>\n<p>Austauschsch\u00fclerInnen aus Belfort haben f\u00fcr uns ihre Stadt und ihre Schule vorgestellt! Mehr unter diesem Link: <a href=\"https:\/\/read.bookcreator.com\/28mKC6yXKnNWFaWwZR1q4aHUzgx2\/_EiQ7UMoSgueQ71XwLr1HQ\">https:\/\/read.bookcreator.com\/28mKC6yXKnNWFaWwZR1q4aHUzgx2\/_EiQ7UMoSgueQ71XwLr1HQ<\/a><\/p>\n","protected":false},"excerpt":{"rendered":"<p>Ab Jahrgang 6 bieten wir mit Franz\u00f6sisch eine zweite Fremdsprache an. Franz\u00f6sisch ist nicht nur eine Sprache, die wundersch\u00f6n klingt, sondern auch eine sehr n\u00fctzliche Sprache: \u00dcberall auf der ganzen Welt sprechen 274 Millionen Menschen Franz\u00f6sisch. Hinzu kommen 125 Millionen, die Franz\u00f6sisch lernen. Damit ist Franz\u00f6sisch nach Englisch, die am meisten unterrichtete Sprache der Welt! &hellip; <a href=\"https:\/\/obs-seesen.de\/?page_id=89\" class=\"more-link\"><span class=\"screen-reader-text\">Franz\u00f6sisch<\/span> weiterlesen <span class=\"meta-nav\">&rarr;<\/span><\/a><\/p>\n","protected":false},"author":2,"featured_media":0,"parent":52,"menu_order":0,"comment_status":"closed","ping_status":"closed","template":"","meta":{"footnotes":""},"class_list":["post-89","page","type-page","status-publish","hentry"],"yoast_head":"<!-- This site is optimized with the Yoast SEO plugin v27.3 - https:\/\/yoast.com\/product\/yoast-seo-wordpress\/ -->\n<title>Franz\u00f6sisch - Oberschule Seesen<\/title>\n<meta name=\"robots\" content=\"index, follow, max-snippet:-1, max-image-preview:large, max-video-preview:-1\" \/>\n<link rel=\"canonical\" href=\"https:\/\/obs-seesen.de\/?page_id=89\" \/>\n<meta property=\"og:locale\" content=\"de_DE\" \/>\n<meta property=\"og:type\" content=\"article\" \/>\n<meta property=\"og:title\" content=\"Franz\u00f6sisch - Oberschule Seesen\" \/>\n<meta property=\"og:description\" content=\"Ab Jahrgang 6 bieten wir mit Franz\u00f6sisch eine zweite Fremdsprache an. Franz\u00f6sisch ist nicht nur eine Sprache, die wundersch\u00f6n klingt, sondern auch eine sehr n\u00fctzliche Sprache: \u00dcberall auf der ganzen Welt sprechen 274 Millionen Menschen Franz\u00f6sisch. Hinzu kommen 125 Millionen, die Franz\u00f6sisch lernen. Damit ist Franz\u00f6sisch nach Englisch, die am meisten unterrichtete Sprache der Welt! &hellip; Franz\u00f6sisch weiterlesen &rarr;\" \/>\n<meta property=\"og:url\" content=\"https:\/\/obs-seesen.de\/?page_id=89\" \/>\n<meta property=\"og:site_name\" content=\"Oberschule Seesen\" \/>\n<meta property=\"article:modified_time\" content=\"2021-07-30T09:58:00+00:00\" \/>\n<meta name=\"twitter:label1\" content=\"Gesch\u00e4tzte Lesezeit\" \/>\n\t<meta name=\"twitter:data1\" content=\"1\u00a0Minute\" \/>\n<script type=\"application\/ld+json\" class=\"yoast-schema-graph\">{\"@context\":\"https:\\\/\\\/schema.org\",\"@graph\":[{\"@type\":\"WebPage\",\"@id\":\"https:\\\/\\\/obs-seesen.de\\\/?page_id=89\",\"url\":\"https:\\\/\\\/obs-seesen.de\\\/?page_id=89\",\"name\":\"Franz\u00f6sisch - Oberschule Seesen\",\"isPartOf\":{\"@id\":\"https:\\\/\\\/obs-seesen.de\\\/#website\"},\"datePublished\":\"2014-08-02T18:46:23+00:00\",\"dateModified\":\"2021-07-30T09:58:00+00:00\",\"breadcrumb\":{\"@id\":\"https:\\\/\\\/obs-seesen.de\\\/?page_id=89#breadcrumb\"},\"inLanguage\":\"de\",\"potentialAction\":[{\"@type\":\"ReadAction\",\"target\":[\"https:\\\/\\\/obs-seesen.de\\\/?page_id=89\"]}]},{\"@type\":\"BreadcrumbList\",\"@id\":\"https:\\\/\\\/obs-seesen.de\\\/?page_id=89#breadcrumb\",\"itemListElement\":[{\"@type\":\"ListItem\",\"position\":1,\"name\":\"Home\",\"item\":\"https:\\\/\\\/obs-seesen.de\\\/\"},{\"@type\":\"ListItem\",\"position\":2,\"name\":\"Arbeitsschwerpunkte\",\"item\":\"https:\\\/\\\/obs-seesen.de\\\/?page_id=52\"},{\"@type\":\"ListItem\",\"position\":3,\"name\":\"Franz\u00f6sisch\"}]},{\"@type\":\"WebSite\",\"@id\":\"https:\\\/\\\/obs-seesen.de\\\/#website\",\"url\":\"https:\\\/\\\/obs-seesen.de\\\/\",\"name\":\"Oberschule Seesen\",\"description\":\"seit 1884 | Ganztagsschule | mit gymnasialem Angebot | Sch\u00fclerfriedenspreis 2015\",\"potentialAction\":[{\"@type\":\"SearchAction\",\"target\":{\"@type\":\"EntryPoint\",\"urlTemplate\":\"https:\\\/\\\/obs-seesen.de\\\/?s={search_term_string}\"},\"query-input\":{\"@type\":\"PropertyValueSpecification\",\"valueRequired\":true,\"valueName\":\"search_term_string\"}}],\"inLanguage\":\"de\"}]}<\/script>\n<!-- \/ Yoast SEO plugin. -->","yoast_head_json":{"title":"Franz\u00f6sisch - Oberschule Seesen","robots":{"index":"index","follow":"follow","max-snippet":"max-snippet:-1","max-image-preview":"max-image-preview:large","max-video-preview":"max-video-preview:-1"},"canonical":"https:\/\/obs-seesen.de\/?page_id=89","og_locale":"de_DE","og_type":"article","og_title":"Franz\u00f6sisch - Oberschule Seesen","og_description":"Ab Jahrgang 6 bieten wir mit Franz\u00f6sisch eine zweite Fremdsprache an. Franz\u00f6sisch ist nicht nur eine Sprache, die wundersch\u00f6n klingt, sondern auch eine sehr n\u00fctzliche Sprache: \u00dcberall auf der ganzen Welt sprechen 274 Millionen Menschen Franz\u00f6sisch. Hinzu kommen 125 Millionen, die Franz\u00f6sisch lernen. Damit ist Franz\u00f6sisch nach Englisch, die am meisten unterrichtete Sprache der Welt! &hellip; Franz\u00f6sisch weiterlesen &rarr;","og_url":"https:\/\/obs-seesen.de\/?page_id=89","og_site_name":"Oberschule Seesen","article_modified_time":"2021-07-30T09:58:00+00:00","twitter_misc":{"Gesch\u00e4tzte Lesezeit":"1\u00a0Minute"},"schema":{"@context":"https:\/\/schema.org","@graph":[{"@type":"WebPage","@id":"https:\/\/obs-seesen.de\/?page_id=89","url":"https:\/\/obs-seesen.de\/?page_id=89","name":"Franz\u00f6sisch - Oberschule Seesen","isPartOf":{"@id":"https:\/\/obs-seesen.de\/#website"},"datePublished":"2014-08-02T18:46:23+00:00","dateModified":"2021-07-30T09:58:00+00:00","breadcrumb":{"@id":"https:\/\/obs-seesen.de\/?page_id=89#breadcrumb"},"inLanguage":"de","potentialAction":[{"@type":"ReadAction","target":["https:\/\/obs-seesen.de\/?page_id=89"]}]},{"@type":"BreadcrumbList","@id":"https:\/\/obs-seesen.de\/?page_id=89#breadcrumb","itemListElement":[{"@type":"ListItem","position":1,"name":"Home","item":"https:\/\/obs-seesen.de\/"},{"@type":"ListItem","position":2,"name":"Arbeitsschwerpunkte","item":"https:\/\/obs-seesen.de\/?page_id=52"},{"@type":"ListItem","position":3,"name":"Franz\u00f6sisch"}]},{"@type":"WebSite","@id":"https:\/\/obs-seesen.de\/#website","url":"https:\/\/obs-seesen.de\/","name":"Oberschule Seesen","description":"seit 1884 | Ganztagsschule | mit gymnasialem Angebot | Sch\u00fclerfriedenspreis 2015","potentialAction":[{"@type":"SearchAction","target":{"@type":"EntryPoint","urlTemplate":"https:\/\/obs-seesen.de\/?s={search_term_string}"},"query-input":{"@type":"PropertyValueSpecification","valueRequired":true,"valueName":"search_term_string"}}],"inLanguage":"de"}]}},"_links":{"self":[{"href":"https:\/\/obs-seesen.de\/index.php?rest_route=\/wp\/v2\/pages\/89","targetHints":{"allow":["GET"]}}],"collection":[{"href":"https:\/\/obs-seesen.de\/index.php?rest_route=\/wp\/v2\/pages"}],"about":[{"href":"https:\/\/obs-seesen.de\/index.php?rest_route=\/wp\/v2\/types\/page"}],"author":[{"embeddable":true,"href":"https:\/\/obs-seesen.de\/index.php?rest_route=\/wp\/v2\/users\/2"}],"replies":[{"embeddable":true,"href":"https:\/\/obs-seesen.de\/index.php?rest_route=%2Fwp%2Fv2%2Fcomments&post=89"}],"version-history":[{"count":3,"href":"https:\/\/obs-seesen.de\/index.php?rest_route=\/wp\/v2\/pages\/89\/revisions"}],"predecessor-version":[{"id":2351,"href":"https:\/\/obs-seesen.de\/index.php?rest_route=\/wp\/v2\/pages\/89\/revisions\/2351"}],"up":[{"embeddable":true,"href":"https:\/\/obs-seesen.de\/index.php?rest_route=\/wp\/v2\/pages\/52"}],"wp:attachment":[{"href":"https:\/\/obs-seesen.de\/index.php?rest_route=%2Fwp%2Fv2%2Fmedia&parent=89"}],"curies":[{"name":"wp","href":"https:\/\/api.w.org\/{rel}","templated":true}]}}