{"id":83,"date":"2014-08-02T20:39:06","date_gmt":"2014-08-02T18:39:06","guid":{"rendered":"http:\/\/hs-seesen.de\/obs\/?page_id=83"},"modified":"2019-12-20T11:12:47","modified_gmt":"2019-12-20T10:12:47","slug":"technik","status":"publish","type":"page","link":"https:\/\/obs-seesen.de\/?page_id=83","title":{"rendered":"Technik"},"content":{"rendered":"\n<h2 class=\"wp-block-heading\">Im Fachbereich Technik gibt es viel Neues (Dez. 2019)<\/h2>\n\n\n\n<ul class=\"wp-block-gallery columns-2 is-cropped wp-block-gallery-1 is-layout-flex wp-block-gallery-is-layout-flex\"><li class=\"blocks-gallery-item\"><figure><img loading=\"lazy\" decoding=\"async\" width=\"394\" height=\"700\" src=\"http:\/\/obs-seesen.de\/wp-content\/uploads\/2019\/12\/kl_20191206_104023.jpg\" alt=\"\" data-id=\"1722\" data-link=\"http:\/\/obs-seesen.de\/?attachment_id=1722\" class=\"wp-image-1722\" srcset=\"https:\/\/obs-seesen.de\/wp-content\/uploads\/2019\/12\/kl_20191206_104023.jpg 394w, https:\/\/obs-seesen.de\/wp-content\/uploads\/2019\/12\/kl_20191206_104023-169x300.jpg 169w\" sizes=\"auto, (max-width: 394px) 100vw, 394px\" \/><figcaption>Arduino<\/figcaption><\/figure><\/li><li class=\"blocks-gallery-item\"><figure><img loading=\"lazy\" decoding=\"async\" width=\"394\" height=\"700\" src=\"http:\/\/obs-seesen.de\/wp-content\/uploads\/2019\/12\/kl_20191206_104740.jpg\" alt=\"\" data-id=\"1723\" data-link=\"http:\/\/obs-seesen.de\/?attachment_id=1723\" class=\"wp-image-1723\" srcset=\"https:\/\/obs-seesen.de\/wp-content\/uploads\/2019\/12\/kl_20191206_104740.jpg 394w, https:\/\/obs-seesen.de\/wp-content\/uploads\/2019\/12\/kl_20191206_104740-169x300.jpg 169w\" sizes=\"auto, (max-width: 394px) 100vw, 394px\" \/><figcaption>Solarkocher<\/figcaption><\/figure><\/li><li class=\"blocks-gallery-item\"><figure><img loading=\"lazy\" decoding=\"async\" width=\"700\" height=\"394\" src=\"http:\/\/obs-seesen.de\/wp-content\/uploads\/2019\/12\/kl_20191206_104337.jpg\" alt=\"\" data-id=\"1724\" data-link=\"http:\/\/obs-seesen.de\/?attachment_id=1724\" class=\"wp-image-1724\" srcset=\"https:\/\/obs-seesen.de\/wp-content\/uploads\/2019\/12\/kl_20191206_104337.jpg 700w, https:\/\/obs-seesen.de\/wp-content\/uploads\/2019\/12\/kl_20191206_104337-300x169.jpg 300w\" sizes=\"auto, (max-width: 700px) 100vw, 700px\" \/><figcaption>Computerarbeitspl\u00e4tze<\/figcaption><\/figure><\/li><li class=\"blocks-gallery-item\"><figure><img loading=\"lazy\" decoding=\"async\" width=\"394\" height=\"700\" src=\"http:\/\/obs-seesen.de\/wp-content\/uploads\/2019\/12\/kl_20191206_103751.jpg\" alt=\"\" data-id=\"1725\" data-link=\"http:\/\/obs-seesen.de\/?attachment_id=1725\" class=\"wp-image-1725\" srcset=\"https:\/\/obs-seesen.de\/wp-content\/uploads\/2019\/12\/kl_20191206_103751.jpg 394w, https:\/\/obs-seesen.de\/wp-content\/uploads\/2019\/12\/kl_20191206_103751-169x300.jpg 169w\" sizes=\"auto, (max-width: 394px) 100vw, 394px\" \/><figcaption>3D-Druck<\/figcaption><\/figure><\/li><\/ul>\n\n\n\n<p><em>Einiges hat sich im Fachbereich Technik in letzter Zeit getan: Es wurden im letzten Jahr 2 Klassens\u00e4tze Mikroprozessoren (Arduinos) angeschafft, mit denen schon ausgiebig gearbeitet wurde. Die Arduinos zeigen die aktuelle Entwicklung in der Elektronik und sind mittels verschiedener Programmierm\u00f6glichkeiten einfach im Einstieg. Sie erweitern das herk\u00f6mmliche L\u00f6ten von \u201eanalogen\u201c Schaltungen. Seit 2 Jahren gibt es schon spezielle Arduino-WPK\u2018s, in den herk\u00f6mmlichen Kursen werden sie nat\u00fcrlich auch benutzt.<\/em><\/p>\n\n\n\n<p><em>Ebenfalls wurden zwei 3D-Drucker angeschafft, diese werden in die Technik- und Informatikkurse integriert. <\/em><\/p>\n\n\n\n<p><em>Im hinteren Bereich des Technikraumes hat sich auch viel ver\u00e4ndert. Es sind PC-Pl\u00e4tze f\u00fcr eine halbe Technikgruppe (8 Sch\u00fcler) entstanden. Hier soll zuk\u00fcnftig mit den Arduinos und dem 3D-Drucker gearbeitet werden.<\/em><\/p>\n\n\n\n<p><em>Neueste Errungenschaft sind 2 Arduino-Roboter, sogenannte mBots. Diese werden in n\u00e4chster Zeit ausgiebig getestet und zum n\u00e4chsten Jahr soll m\u00f6glichst ein Klassensatz der Roboter angeschafft werden.<\/em><\/p>\n\n\n\n<p><em>Als Letzte Neuerung im Fachbereich kommt gerade ein sogenannter Solarkocher, ein gro\u00dfer Parabolspiegel, der einen Topf erhitzt, per Post. Hiermit soll der Bereich der regenerativen Energien im Fachbereich verdeutlicht werden. Im Fr\u00fchling hat das Profil Technik bereits selber Solar\u00f6fen gebaut und in einem Wettbewerb miteinander verglichen.<\/em><\/p>\n\n\n\n<p><em>Freut euch auf \u201eSolar-Hot-Dogs\u201c bei den n\u00e4chsten Schulfesten!<\/em><\/p>\n\n\n\n<h2 class=\"wp-block-heading\">Fakten<\/h2>\n\n\n<ul>\n<li>ab Klasse 7 \u00fcber die WPKs w\u00e4hlbar<\/li>\n<li>Unterricht mit maximal 16 Sch\u00fclern<\/li>\n<li>hoher Praxisanteil<\/li>\n<li>au\u00dferschulische Lernorte: <a href=\"https:\/\/www.autostadt.de\/\">Autostadt Wolfsburg<\/a>, Kooperation <a href=\"http:\/\/museum-seesen.de\">Seesener Museum<\/a>, <a href=\"https:\/\/www.hnf.de\/\">Nixdorf Museum Paderborn<\/a> (in Kooperation mit dem Informatik WPK), (in Vorbereitung: Flughafen Hannover)<\/li>\n<\/ul>\n<p><strong>Was f\u00fcr Kurse sind w\u00e4hlbar?<\/strong><\/p>\n<ul>\n<li>Klasse 7: WPK Technik (2 Std.)<\/li>\n<li>Klasse 8: WPK Technik, WPK Fahrzeuge und Flugzeuge, WPK Produktionstechnik (bis zu 4 Std.)<\/li>\n<li>Klasse 9: Profil Technik, WPK Technik +, WPK Mikroprozessor f\u00fcr M\u00e4dchen (bis zu 4 Std.)<\/li>\n<li>Klasse 10: Profil Technik, WPK Technik + (bis zu 4 Std.)<\/li>\n<li>Klasse 9\/ 10 auslaufende Hauptschule: WPK Technik (2 Std.)<\/li>\n<\/ul>\n<p><strong>Inhalte (nur einige Beispiele):<\/strong><\/p>\n<ul>\n<li>Grundlagen der technischen Kommunikation; Technisches Zeichnen<\/li>\n<li>Elektronik: Von der einfachen Schaltung bis hin zur automatischen Sirene<\/li>\n<li>Werkstoffkunde<\/li>\n<li>Planung und Erarbeitung verschiedenster Werkst\u00fccke (Holz, Metall, Kunststoff)<\/li>\n<li>Verbrennungsmotoren und Getriebetechnik<\/li>\n<li>Regenerative Energie<\/li>\n<li>Umgang mit dem Mikroprozessor \u201eArduino\u201c<\/li>\n<\/ul>\n<p>\u00a0<\/p>","protected":false},"excerpt":{"rendered":"<p>Im Fachbereich Technik gibt es viel Neues (Dez. 2019) Einiges hat sich im Fachbereich Technik in letzter Zeit getan: Es wurden im letzten Jahr 2 Klassens\u00e4tze Mikroprozessoren (Arduinos) angeschafft, mit denen schon ausgiebig gearbeitet wurde. Die Arduinos zeigen die aktuelle Entwicklung in der Elektronik und sind mittels verschiedener Programmierm\u00f6glichkeiten einfach im Einstieg. Sie erweitern das &hellip; <a href=\"https:\/\/obs-seesen.de\/?page_id=83\" class=\"more-link\"><span class=\"screen-reader-text\">Technik<\/span> weiterlesen <span class=\"meta-nav\">&rarr;<\/span><\/a><\/p>\n","protected":false},"author":2,"featured_media":0,"parent":52,"menu_order":0,"comment_status":"closed","ping_status":"closed","template":"","meta":{"footnotes":""},"class_list":["post-83","page","type-page","status-publish","hentry"],"yoast_head":"<!-- This site is optimized with the Yoast SEO plugin v27.3 - https:\/\/yoast.com\/product\/yoast-seo-wordpress\/ -->\n<title>Technik - Oberschule Seesen<\/title>\n<meta name=\"robots\" content=\"index, follow, max-snippet:-1, max-image-preview:large, max-video-preview:-1\" \/>\n<link rel=\"canonical\" href=\"https:\/\/obs-seesen.de\/?page_id=83\" \/>\n<meta property=\"og:locale\" content=\"de_DE\" \/>\n<meta property=\"og:type\" content=\"article\" \/>\n<meta property=\"og:title\" content=\"Technik - Oberschule Seesen\" \/>\n<meta property=\"og:description\" content=\"Im Fachbereich Technik gibt es viel Neues (Dez. 2019) Einiges hat sich im Fachbereich Technik in letzter Zeit getan: Es wurden im letzten Jahr 2 Klassens\u00e4tze Mikroprozessoren (Arduinos) angeschafft, mit denen schon ausgiebig gearbeitet wurde. Die Arduinos zeigen die aktuelle Entwicklung in der Elektronik und sind mittels verschiedener Programmierm\u00f6glichkeiten einfach im Einstieg. Sie erweitern das &hellip; Technik weiterlesen &rarr;\" \/>\n<meta property=\"og:url\" content=\"https:\/\/obs-seesen.de\/?page_id=83\" \/>\n<meta property=\"og:site_name\" content=\"Oberschule Seesen\" \/>\n<meta property=\"article:modified_time\" content=\"2019-12-20T10:12:47+00:00\" \/>\n<meta property=\"og:image\" content=\"http:\/\/obs-seesen.de\/wp-content\/uploads\/2019\/12\/kl_20191206_104023.jpg\" \/>\n<meta name=\"twitter:label1\" content=\"Gesch\u00e4tzte Lesezeit\" \/>\n\t<meta name=\"twitter:data1\" content=\"2\u00a0Minuten\" \/>\n<script type=\"application\/ld+json\" class=\"yoast-schema-graph\">{\"@context\":\"https:\\\/\\\/schema.org\",\"@graph\":[{\"@type\":\"WebPage\",\"@id\":\"https:\\\/\\\/obs-seesen.de\\\/?page_id=83\",\"url\":\"https:\\\/\\\/obs-seesen.de\\\/?page_id=83\",\"name\":\"Technik - Oberschule Seesen\",\"isPartOf\":{\"@id\":\"https:\\\/\\\/obs-seesen.de\\\/#website\"},\"primaryImageOfPage\":{\"@id\":\"https:\\\/\\\/obs-seesen.de\\\/?page_id=83#primaryimage\"},\"image\":{\"@id\":\"https:\\\/\\\/obs-seesen.de\\\/?page_id=83#primaryimage\"},\"thumbnailUrl\":\"http:\\\/\\\/obs-seesen.de\\\/wp-content\\\/uploads\\\/2019\\\/12\\\/kl_20191206_104023.jpg\",\"datePublished\":\"2014-08-02T18:39:06+00:00\",\"dateModified\":\"2019-12-20T10:12:47+00:00\",\"breadcrumb\":{\"@id\":\"https:\\\/\\\/obs-seesen.de\\\/?page_id=83#breadcrumb\"},\"inLanguage\":\"de\",\"potentialAction\":[{\"@type\":\"ReadAction\",\"target\":[\"https:\\\/\\\/obs-seesen.de\\\/?page_id=83\"]}]},{\"@type\":\"ImageObject\",\"inLanguage\":\"de\",\"@id\":\"https:\\\/\\\/obs-seesen.de\\\/?page_id=83#primaryimage\",\"url\":\"http:\\\/\\\/obs-seesen.de\\\/wp-content\\\/uploads\\\/2019\\\/12\\\/kl_20191206_104023.jpg\",\"contentUrl\":\"http:\\\/\\\/obs-seesen.de\\\/wp-content\\\/uploads\\\/2019\\\/12\\\/kl_20191206_104023.jpg\"},{\"@type\":\"BreadcrumbList\",\"@id\":\"https:\\\/\\\/obs-seesen.de\\\/?page_id=83#breadcrumb\",\"itemListElement\":[{\"@type\":\"ListItem\",\"position\":1,\"name\":\"Home\",\"item\":\"https:\\\/\\\/obs-seesen.de\\\/\"},{\"@type\":\"ListItem\",\"position\":2,\"name\":\"Arbeitsschwerpunkte\",\"item\":\"https:\\\/\\\/obs-seesen.de\\\/?page_id=52\"},{\"@type\":\"ListItem\",\"position\":3,\"name\":\"Technik\"}]},{\"@type\":\"WebSite\",\"@id\":\"https:\\\/\\\/obs-seesen.de\\\/#website\",\"url\":\"https:\\\/\\\/obs-seesen.de\\\/\",\"name\":\"Oberschule Seesen\",\"description\":\"seit 1884 | Ganztagsschule | mit gymnasialem Angebot | Sch\u00fclerfriedenspreis 2015\",\"potentialAction\":[{\"@type\":\"SearchAction\",\"target\":{\"@type\":\"EntryPoint\",\"urlTemplate\":\"https:\\\/\\\/obs-seesen.de\\\/?s={search_term_string}\"},\"query-input\":{\"@type\":\"PropertyValueSpecification\",\"valueRequired\":true,\"valueName\":\"search_term_string\"}}],\"inLanguage\":\"de\"}]}<\/script>\n<!-- \/ Yoast SEO plugin. -->","yoast_head_json":{"title":"Technik - Oberschule Seesen","robots":{"index":"index","follow":"follow","max-snippet":"max-snippet:-1","max-image-preview":"max-image-preview:large","max-video-preview":"max-video-preview:-1"},"canonical":"https:\/\/obs-seesen.de\/?page_id=83","og_locale":"de_DE","og_type":"article","og_title":"Technik - Oberschule Seesen","og_description":"Im Fachbereich Technik gibt es viel Neues (Dez. 2019) Einiges hat sich im Fachbereich Technik in letzter Zeit getan: Es wurden im letzten Jahr 2 Klassens\u00e4tze Mikroprozessoren (Arduinos) angeschafft, mit denen schon ausgiebig gearbeitet wurde. Die Arduinos zeigen die aktuelle Entwicklung in der Elektronik und sind mittels verschiedener Programmierm\u00f6glichkeiten einfach im Einstieg. Sie erweitern das &hellip; Technik weiterlesen &rarr;","og_url":"https:\/\/obs-seesen.de\/?page_id=83","og_site_name":"Oberschule Seesen","article_modified_time":"2019-12-20T10:12:47+00:00","og_image":[{"url":"http:\/\/obs-seesen.de\/wp-content\/uploads\/2019\/12\/kl_20191206_104023.jpg","type":"","width":"","height":""}],"twitter_misc":{"Gesch\u00e4tzte Lesezeit":"2\u00a0Minuten"},"schema":{"@context":"https:\/\/schema.org","@graph":[{"@type":"WebPage","@id":"https:\/\/obs-seesen.de\/?page_id=83","url":"https:\/\/obs-seesen.de\/?page_id=83","name":"Technik - Oberschule Seesen","isPartOf":{"@id":"https:\/\/obs-seesen.de\/#website"},"primaryImageOfPage":{"@id":"https:\/\/obs-seesen.de\/?page_id=83#primaryimage"},"image":{"@id":"https:\/\/obs-seesen.de\/?page_id=83#primaryimage"},"thumbnailUrl":"http:\/\/obs-seesen.de\/wp-content\/uploads\/2019\/12\/kl_20191206_104023.jpg","datePublished":"2014-08-02T18:39:06+00:00","dateModified":"2019-12-20T10:12:47+00:00","breadcrumb":{"@id":"https:\/\/obs-seesen.de\/?page_id=83#breadcrumb"},"inLanguage":"de","potentialAction":[{"@type":"ReadAction","target":["https:\/\/obs-seesen.de\/?page_id=83"]}]},{"@type":"ImageObject","inLanguage":"de","@id":"https:\/\/obs-seesen.de\/?page_id=83#primaryimage","url":"http:\/\/obs-seesen.de\/wp-content\/uploads\/2019\/12\/kl_20191206_104023.jpg","contentUrl":"http:\/\/obs-seesen.de\/wp-content\/uploads\/2019\/12\/kl_20191206_104023.jpg"},{"@type":"BreadcrumbList","@id":"https:\/\/obs-seesen.de\/?page_id=83#breadcrumb","itemListElement":[{"@type":"ListItem","position":1,"name":"Home","item":"https:\/\/obs-seesen.de\/"},{"@type":"ListItem","position":2,"name":"Arbeitsschwerpunkte","item":"https:\/\/obs-seesen.de\/?page_id=52"},{"@type":"ListItem","position":3,"name":"Technik"}]},{"@type":"WebSite","@id":"https:\/\/obs-seesen.de\/#website","url":"https:\/\/obs-seesen.de\/","name":"Oberschule Seesen","description":"seit 1884 | Ganztagsschule | mit gymnasialem Angebot | Sch\u00fclerfriedenspreis 2015","potentialAction":[{"@type":"SearchAction","target":{"@type":"EntryPoint","urlTemplate":"https:\/\/obs-seesen.de\/?s={search_term_string}"},"query-input":{"@type":"PropertyValueSpecification","valueRequired":true,"valueName":"search_term_string"}}],"inLanguage":"de"}]}},"_links":{"self":[{"href":"https:\/\/obs-seesen.de\/index.php?rest_route=\/wp\/v2\/pages\/83","targetHints":{"allow":["GET"]}}],"collection":[{"href":"https:\/\/obs-seesen.de\/index.php?rest_route=\/wp\/v2\/pages"}],"about":[{"href":"https:\/\/obs-seesen.de\/index.php?rest_route=\/wp\/v2\/types\/page"}],"author":[{"embeddable":true,"href":"https:\/\/obs-seesen.de\/index.php?rest_route=\/wp\/v2\/users\/2"}],"replies":[{"embeddable":true,"href":"https:\/\/obs-seesen.de\/index.php?rest_route=%2Fwp%2Fv2%2Fcomments&post=83"}],"version-history":[{"count":4,"href":"https:\/\/obs-seesen.de\/index.php?rest_route=\/wp\/v2\/pages\/83\/revisions"}],"predecessor-version":[{"id":1726,"href":"https:\/\/obs-seesen.de\/index.php?rest_route=\/wp\/v2\/pages\/83\/revisions\/1726"}],"up":[{"embeddable":true,"href":"https:\/\/obs-seesen.de\/index.php?rest_route=\/wp\/v2\/pages\/52"}],"wp:attachment":[{"href":"https:\/\/obs-seesen.de\/index.php?rest_route=%2Fwp%2Fv2%2Fmedia&parent=83"}],"curies":[{"name":"wp","href":"https:\/\/api.w.org\/{rel}","templated":true}]}}