{"id":76,"date":"2014-08-02T20:22:42","date_gmt":"2014-08-02T18:22:42","guid":{"rendered":"http:\/\/hs-seesen.de\/obs\/?page_id=76"},"modified":"2023-10-26T13:51:54","modified_gmt":"2023-10-26T11:51:54","slug":"mittagessen","status":"publish","type":"page","link":"https:\/\/obs-seesen.de\/?page_id=76","title":{"rendered":"Mittagessen"},"content":{"rendered":"<p><img loading=\"lazy\" decoding=\"async\" class=\"size-medium wp-image-2933 alignleft\" src=\"https:\/\/obs-seesen.de\/wp-content\/uploads\/2023\/10\/Sterne-Verbraucherzentrale-Niedersachsen-1-edited-1-200x300.jpg\" alt=\"\" width=\"200\" height=\"300\" srcset=\"https:\/\/obs-seesen.de\/wp-content\/uploads\/2023\/10\/Sterne-Verbraucherzentrale-Niedersachsen-1-edited-1-200x300.jpg 200w, https:\/\/obs-seesen.de\/wp-content\/uploads\/2023\/10\/Sterne-Verbraucherzentrale-Niedersachsen-1-edited-1-683x1024.jpg 683w, https:\/\/obs-seesen.de\/wp-content\/uploads\/2023\/10\/Sterne-Verbraucherzentrale-Niedersachsen-1-edited-1-768x1152.jpg 768w, https:\/\/obs-seesen.de\/wp-content\/uploads\/2023\/10\/Sterne-Verbraucherzentrale-Niedersachsen-1-edited-1-1024x1536.jpg 1024w, https:\/\/obs-seesen.de\/wp-content\/uploads\/2023\/10\/Sterne-Verbraucherzentrale-Niedersachsen-1-edited-1-1365x2048.jpg 1365w, https:\/\/obs-seesen.de\/wp-content\/uploads\/2023\/10\/Sterne-Verbraucherzentrale-Niedersachsen-1-edited-1-scaled.jpg 1706w\" sizes=\"auto, (max-width: 200px) 100vw, 200px\" \/>Montags, dienstags, mittwochs und donnerstags wird an unserer Schule\u00a0 ein warmes Mittagessen angeboten. Zur Auswahl stehen derzeit t\u00e4glich drei warme Gerichte sowie ein kaltes Essen und ein Salat. Das Essen kostet f\u00fcr Sch\u00fclerinnen und Sch\u00fcler 3,40 Euro. Kinder, die Anspruch auf Leistungen aus dem BuT-Paket haben, essen kostenlos.<\/p>\n<p><a href=\"http:\/\/www.buscopella.de\"><img loading=\"lazy\" decoding=\"async\" class=\"alignright size-medium wp-image-1025\" src=\"http:\/\/obs-seesen.de\/wp-content\/uploads\/2014\/08\/site1_logo03-300x124.png\" alt=\"Logo Buscopella\" width=\"300\" height=\"124\" srcset=\"https:\/\/obs-seesen.de\/wp-content\/uploads\/2014\/08\/site1_logo03-300x124.png 300w, https:\/\/obs-seesen.de\/wp-content\/uploads\/2014\/08\/site1_logo03-768x317.png 768w, https:\/\/obs-seesen.de\/wp-content\/uploads\/2014\/08\/site1_logo03.png 878w\" sizes=\"auto, (max-width: 300px) 100vw, 300px\" \/><\/a>Wer am Mittagessen teilnehmen will, muss sich zun\u00e4chst bei <a href=\"http:\/\/www.buscopella.de\"> Buscopella (Eine Unternehmung der BesserEssen GmbH aus Quedlinburg) <\/a>registrieren lassen (<a href=\"https:\/\/bestellung-buscopella.de\">Anmeldungen online<\/a> oder im Sekretariat). Die Abrechnung erfolgt direkt mit der Firma Buscopella.<\/p>\n<p>Das Essen muss dann jeweils einige Tage im Voraus auf der <a href=\"https:\/\/bestellung-buscopella.de\">Webseite von Buscopella<\/a> oder in der App (Android oder iOS) oder direkt in der Mensa bestellt werden.<\/p>\n<p><em><strong>Liebe Eltern, <\/strong><\/em>wenn Sie m\u00f6chten, k\u00f6nnen Sie gerne das Essen bei uns probieren. Bitte melden Sie Ihren Essenswunsch einige Tage vorher an (<a title=\"Kontakt\" href=\"http:\/\/hs-seesen.de\/obs\/?page_id=17\" target=\"_blank\" rel=\"noopener\">Kontakt<\/a>). Das Essen kostet f\u00fcr Erwachsene 4,40 Euro und ist dann im Sekretariat zu bezahlen. Herzlich willkommen!<\/p>\n\n\n<p><\/p>\n","protected":false},"excerpt":{"rendered":"<p>Montags, dienstags, mittwochs und donnerstags wird an unserer Schule\u00a0 ein warmes Mittagessen angeboten. Zur Auswahl stehen derzeit t\u00e4glich drei warme Gerichte sowie ein kaltes Essen und ein Salat. Das Essen kostet f\u00fcr Sch\u00fclerinnen und Sch\u00fcler 3,40 Euro. Kinder, die Anspruch auf Leistungen aus dem BuT-Paket haben, essen kostenlos. Wer am Mittagessen teilnehmen will, muss sich &hellip; <a href=\"https:\/\/obs-seesen.de\/?page_id=76\" class=\"more-link\"><span class=\"screen-reader-text\">Mittagessen<\/span> weiterlesen <span class=\"meta-nav\">&rarr;<\/span><\/a><\/p>\n","protected":false},"author":2,"featured_media":0,"parent":41,"menu_order":0,"comment_status":"closed","ping_status":"closed","template":"","meta":{"footnotes":""},"class_list":["post-76","page","type-page","status-publish","hentry"],"yoast_head":"<!-- This site is optimized with the Yoast SEO plugin v27.3 - https:\/\/yoast.com\/product\/yoast-seo-wordpress\/ -->\n<title>Mittagessen - Oberschule Seesen<\/title>\n<meta name=\"robots\" content=\"index, follow, max-snippet:-1, max-image-preview:large, max-video-preview:-1\" \/>\n<link rel=\"canonical\" href=\"https:\/\/obs-seesen.de\/?page_id=76\" \/>\n<meta property=\"og:locale\" content=\"de_DE\" \/>\n<meta property=\"og:type\" content=\"article\" \/>\n<meta property=\"og:title\" content=\"Mittagessen - Oberschule Seesen\" \/>\n<meta property=\"og:description\" content=\"Montags, dienstags, mittwochs und donnerstags wird an unserer Schule\u00a0 ein warmes Mittagessen angeboten. Zur Auswahl stehen derzeit t\u00e4glich drei warme Gerichte sowie ein kaltes Essen und ein Salat. Das Essen kostet f\u00fcr Sch\u00fclerinnen und Sch\u00fcler 3,40 Euro. Kinder, die Anspruch auf Leistungen aus dem BuT-Paket haben, essen kostenlos. Wer am Mittagessen teilnehmen will, muss sich &hellip; Mittagessen weiterlesen &rarr;\" \/>\n<meta property=\"og:url\" content=\"https:\/\/obs-seesen.de\/?page_id=76\" \/>\n<meta property=\"og:site_name\" content=\"Oberschule Seesen\" \/>\n<meta property=\"article:modified_time\" content=\"2023-10-26T11:51:54+00:00\" \/>\n<meta property=\"og:image\" content=\"https:\/\/obs-seesen.de\/wp-content\/uploads\/2023\/10\/Sterne-Verbraucherzentrale-Niedersachsen-1-edited-1-200x300.jpg\" \/>\n<meta name=\"twitter:label1\" content=\"Gesch\u00e4tzte Lesezeit\" \/>\n\t<meta name=\"twitter:data1\" content=\"2\u00a0Minuten\" \/>\n<script type=\"application\/ld+json\" class=\"yoast-schema-graph\">{\"@context\":\"https:\\\/\\\/schema.org\",\"@graph\":[{\"@type\":\"WebPage\",\"@id\":\"https:\\\/\\\/obs-seesen.de\\\/?page_id=76\",\"url\":\"https:\\\/\\\/obs-seesen.de\\\/?page_id=76\",\"name\":\"Mittagessen - Oberschule Seesen\",\"isPartOf\":{\"@id\":\"https:\\\/\\\/obs-seesen.de\\\/#website\"},\"primaryImageOfPage\":{\"@id\":\"https:\\\/\\\/obs-seesen.de\\\/?page_id=76#primaryimage\"},\"image\":{\"@id\":\"https:\\\/\\\/obs-seesen.de\\\/?page_id=76#primaryimage\"},\"thumbnailUrl\":\"https:\\\/\\\/obs-seesen.de\\\/wp-content\\\/uploads\\\/2023\\\/10\\\/Sterne-Verbraucherzentrale-Niedersachsen-1-edited-1-200x300.jpg\",\"datePublished\":\"2014-08-02T18:22:42+00:00\",\"dateModified\":\"2023-10-26T11:51:54+00:00\",\"breadcrumb\":{\"@id\":\"https:\\\/\\\/obs-seesen.de\\\/?page_id=76#breadcrumb\"},\"inLanguage\":\"de\",\"potentialAction\":[{\"@type\":\"ReadAction\",\"target\":[\"https:\\\/\\\/obs-seesen.de\\\/?page_id=76\"]}]},{\"@type\":\"ImageObject\",\"inLanguage\":\"de\",\"@id\":\"https:\\\/\\\/obs-seesen.de\\\/?page_id=76#primaryimage\",\"url\":\"https:\\\/\\\/obs-seesen.de\\\/wp-content\\\/uploads\\\/2023\\\/10\\\/Sterne-Verbraucherzentrale-Niedersachsen-1-edited-1-scaled.jpg\",\"contentUrl\":\"https:\\\/\\\/obs-seesen.de\\\/wp-content\\\/uploads\\\/2023\\\/10\\\/Sterne-Verbraucherzentrale-Niedersachsen-1-edited-1-scaled.jpg\",\"width\":1706,\"height\":2560},{\"@type\":\"BreadcrumbList\",\"@id\":\"https:\\\/\\\/obs-seesen.de\\\/?page_id=76#breadcrumb\",\"itemListElement\":[{\"@type\":\"ListItem\",\"position\":1,\"name\":\"Home\",\"item\":\"https:\\\/\\\/obs-seesen.de\\\/\"},{\"@type\":\"ListItem\",\"position\":2,\"name\":\"\u00dcber uns\",\"item\":\"https:\\\/\\\/obs-seesen.de\\\/?page_id=41\"},{\"@type\":\"ListItem\",\"position\":3,\"name\":\"Mittagessen\"}]},{\"@type\":\"WebSite\",\"@id\":\"https:\\\/\\\/obs-seesen.de\\\/#website\",\"url\":\"https:\\\/\\\/obs-seesen.de\\\/\",\"name\":\"Oberschule Seesen\",\"description\":\"seit 1884 | Ganztagsschule | mit gymnasialem Angebot | Sch\u00fclerfriedenspreis 2015\",\"potentialAction\":[{\"@type\":\"SearchAction\",\"target\":{\"@type\":\"EntryPoint\",\"urlTemplate\":\"https:\\\/\\\/obs-seesen.de\\\/?s={search_term_string}\"},\"query-input\":{\"@type\":\"PropertyValueSpecification\",\"valueRequired\":true,\"valueName\":\"search_term_string\"}}],\"inLanguage\":\"de\"}]}<\/script>\n<!-- \/ Yoast SEO plugin. -->","yoast_head_json":{"title":"Mittagessen - Oberschule Seesen","robots":{"index":"index","follow":"follow","max-snippet":"max-snippet:-1","max-image-preview":"max-image-preview:large","max-video-preview":"max-video-preview:-1"},"canonical":"https:\/\/obs-seesen.de\/?page_id=76","og_locale":"de_DE","og_type":"article","og_title":"Mittagessen - Oberschule Seesen","og_description":"Montags, dienstags, mittwochs und donnerstags wird an unserer Schule\u00a0 ein warmes Mittagessen angeboten. Zur Auswahl stehen derzeit t\u00e4glich drei warme Gerichte sowie ein kaltes Essen und ein Salat. Das Essen kostet f\u00fcr Sch\u00fclerinnen und Sch\u00fcler 3,40 Euro. Kinder, die Anspruch auf Leistungen aus dem BuT-Paket haben, essen kostenlos. Wer am Mittagessen teilnehmen will, muss sich &hellip; Mittagessen weiterlesen &rarr;","og_url":"https:\/\/obs-seesen.de\/?page_id=76","og_site_name":"Oberschule Seesen","article_modified_time":"2023-10-26T11:51:54+00:00","og_image":[{"url":"https:\/\/obs-seesen.de\/wp-content\/uploads\/2023\/10\/Sterne-Verbraucherzentrale-Niedersachsen-1-edited-1-200x300.jpg","type":"","width":"","height":""}],"twitter_misc":{"Gesch\u00e4tzte Lesezeit":"2\u00a0Minuten"},"schema":{"@context":"https:\/\/schema.org","@graph":[{"@type":"WebPage","@id":"https:\/\/obs-seesen.de\/?page_id=76","url":"https:\/\/obs-seesen.de\/?page_id=76","name":"Mittagessen - Oberschule Seesen","isPartOf":{"@id":"https:\/\/obs-seesen.de\/#website"},"primaryImageOfPage":{"@id":"https:\/\/obs-seesen.de\/?page_id=76#primaryimage"},"image":{"@id":"https:\/\/obs-seesen.de\/?page_id=76#primaryimage"},"thumbnailUrl":"https:\/\/obs-seesen.de\/wp-content\/uploads\/2023\/10\/Sterne-Verbraucherzentrale-Niedersachsen-1-edited-1-200x300.jpg","datePublished":"2014-08-02T18:22:42+00:00","dateModified":"2023-10-26T11:51:54+00:00","breadcrumb":{"@id":"https:\/\/obs-seesen.de\/?page_id=76#breadcrumb"},"inLanguage":"de","potentialAction":[{"@type":"ReadAction","target":["https:\/\/obs-seesen.de\/?page_id=76"]}]},{"@type":"ImageObject","inLanguage":"de","@id":"https:\/\/obs-seesen.de\/?page_id=76#primaryimage","url":"https:\/\/obs-seesen.de\/wp-content\/uploads\/2023\/10\/Sterne-Verbraucherzentrale-Niedersachsen-1-edited-1-scaled.jpg","contentUrl":"https:\/\/obs-seesen.de\/wp-content\/uploads\/2023\/10\/Sterne-Verbraucherzentrale-Niedersachsen-1-edited-1-scaled.jpg","width":1706,"height":2560},{"@type":"BreadcrumbList","@id":"https:\/\/obs-seesen.de\/?page_id=76#breadcrumb","itemListElement":[{"@type":"ListItem","position":1,"name":"Home","item":"https:\/\/obs-seesen.de\/"},{"@type":"ListItem","position":2,"name":"\u00dcber uns","item":"https:\/\/obs-seesen.de\/?page_id=41"},{"@type":"ListItem","position":3,"name":"Mittagessen"}]},{"@type":"WebSite","@id":"https:\/\/obs-seesen.de\/#website","url":"https:\/\/obs-seesen.de\/","name":"Oberschule Seesen","description":"seit 1884 | Ganztagsschule | mit gymnasialem Angebot | Sch\u00fclerfriedenspreis 2015","potentialAction":[{"@type":"SearchAction","target":{"@type":"EntryPoint","urlTemplate":"https:\/\/obs-seesen.de\/?s={search_term_string}"},"query-input":{"@type":"PropertyValueSpecification","valueRequired":true,"valueName":"search_term_string"}}],"inLanguage":"de"}]}},"_links":{"self":[{"href":"https:\/\/obs-seesen.de\/index.php?rest_route=\/wp\/v2\/pages\/76","targetHints":{"allow":["GET"]}}],"collection":[{"href":"https:\/\/obs-seesen.de\/index.php?rest_route=\/wp\/v2\/pages"}],"about":[{"href":"https:\/\/obs-seesen.de\/index.php?rest_route=\/wp\/v2\/types\/page"}],"author":[{"embeddable":true,"href":"https:\/\/obs-seesen.de\/index.php?rest_route=\/wp\/v2\/users\/2"}],"replies":[{"embeddable":true,"href":"https:\/\/obs-seesen.de\/index.php?rest_route=%2Fwp%2Fv2%2Fcomments&post=76"}],"version-history":[{"count":12,"href":"https:\/\/obs-seesen.de\/index.php?rest_route=\/wp\/v2\/pages\/76\/revisions"}],"predecessor-version":[{"id":2970,"href":"https:\/\/obs-seesen.de\/index.php?rest_route=\/wp\/v2\/pages\/76\/revisions\/2970"}],"up":[{"embeddable":true,"href":"https:\/\/obs-seesen.de\/index.php?rest_route=\/wp\/v2\/pages\/41"}],"wp:attachment":[{"href":"https:\/\/obs-seesen.de\/index.php?rest_route=%2Fwp%2Fv2%2Fmedia&parent=76"}],"curies":[{"name":"wp","href":"https:\/\/api.w.org\/{rel}","templated":true}]}}