{"id":35,"date":"2014-07-31T19:01:14","date_gmt":"2014-07-31T17:01:14","guid":{"rendered":"http:\/\/hs-seesen.de\/obs\/?page_id=35"},"modified":"2023-07-17T11:18:43","modified_gmt":"2023-07-17T09:18:43","slug":"partnerschule-in-hirsingue-frankreich","status":"publish","type":"page","link":"https:\/\/obs-seesen.de\/?page_id=35","title":{"rendered":"Partnerschule in Belfort (Frankreich)"},"content":{"rendered":"\n<p>Seit dem Schuljahr 2021\/22 finden zwischen der Oberschule Seesen und dem <a href=\"https:\/\/clg-arimbaud-belfort.eclat-bfc.fr\/\">Coll\u00e8ge Arthur-Rimbaud Belfort<\/a> (D\u00e9partement Territoire de Belfort \/ R\u00e9gion Bourgogne-Franche-Comt\u00e9) partnerschaftliche Aktivit\u00e4ten statt. Dazu geh\u00f6ren neben den klassischen Brieffreundschaften, digitale Projekte und reale Sch\u00fclerbegegnungen zwischen Deutschen und Franzosen. Die erste reale Begegnung fand im April 2023 an einem Drittort (Breisach am Rhein) statt.<br>Die Sch\u00fcler gewinnen w\u00e4hrend der partnerschaftlichen Austauschaktivit\u00e4ten nicht nur einen Einblick in das kulturelle Leben des jeweiligen Gastlandes, sondern haben auch Gelegenheit, sich bei gemeinsamen Projekten bzw. Ausfl\u00fcgen kennen zu lernen. Die Oberschule Seesen ist bestrebt, den Lernenden authentische und lebensweltnahe Sprachanl\u00e4sse zu bieten, welche in Zukunft hoffentlich auch mit weiteren Austauschaktivit\u00e4ten unserer Schule mit frankophonen Partnern m\u00f6glich sein wird. Dazu werden immer wieder auch neue M\u00f6glichkeiten \u00fcber Erasmus+ und der Onlineplattform etwinning ins Auge gefasst.<\/p>\n\n\n\n<p>Der partnerschaftliche Austausch wird an der Oberschule Seesen durch die Franz\u00f6sisch-Lehrer*innen C\u00e9dric Carenini, Janine Sinram und Alexander Meuschke betreut.<\/p>\n\n\n\n<p><\/p>\n\n\n\n<p>Bisherige Austauschschulen:<\/p>\n\n\n\n<ul class=\"wp-block-list\">\n<li>1998 &#8211; 2019 <a href=\"http:\/\/www.col-dadelsen-hirsingue.ac-strasbourg.fr\/\" target=\"_blank\" rel=\"noreferrer noopener\">Coll\u00e8ge Jean-Paul de Dadelsen<\/a> in <a href=\"http:\/\/www.hirsingue.fr\/\" target=\"_blank\" rel=\"noreferrer noopener\">Hirsingue<\/a> (Kontakt Franz\u00f6sisch-Lehrerin Jutta Hoffmann)<\/li>\n\n\n\n<li>&#8230;<\/li>\n<\/ul>\n","protected":false},"excerpt":{"rendered":"<p>Seit dem Schuljahr 2021\/22 finden zwischen der Oberschule Seesen und dem Coll\u00e8ge Arthur-Rimbaud Belfort (D\u00e9partement Territoire de Belfort \/ R\u00e9gion Bourgogne-Franche-Comt\u00e9) partnerschaftliche Aktivit\u00e4ten statt. Dazu geh\u00f6ren neben den klassischen Brieffreundschaften, digitale Projekte und reale Sch\u00fclerbegegnungen zwischen Deutschen und Franzosen. Die erste reale Begegnung fand im April 2023 an einem Drittort (Breisach am Rhein) statt.Die Sch\u00fcler &hellip; <a href=\"https:\/\/obs-seesen.de\/?page_id=35\" class=\"more-link\"><span class=\"screen-reader-text\">Partnerschule in Belfort (Frankreich)<\/span> weiterlesen <span class=\"meta-nav\">&rarr;<\/span><\/a><\/p>\n","protected":false},"author":2,"featured_media":0,"parent":41,"menu_order":0,"comment_status":"closed","ping_status":"closed","template":"","meta":{"footnotes":""},"class_list":["post-35","page","type-page","status-publish","hentry"],"yoast_head":"<!-- This site is optimized with the Yoast SEO plugin v27.3 - https:\/\/yoast.com\/product\/yoast-seo-wordpress\/ -->\n<title>Partnerschule in Belfort (Frankreich) - Oberschule Seesen<\/title>\n<meta name=\"robots\" content=\"index, follow, max-snippet:-1, max-image-preview:large, max-video-preview:-1\" \/>\n<link rel=\"canonical\" href=\"https:\/\/obs-seesen.de\/?page_id=35\" \/>\n<meta property=\"og:locale\" content=\"de_DE\" \/>\n<meta property=\"og:type\" content=\"article\" \/>\n<meta property=\"og:title\" content=\"Partnerschule in Belfort (Frankreich) - Oberschule Seesen\" \/>\n<meta property=\"og:description\" content=\"Seit dem Schuljahr 2021\/22 finden zwischen der Oberschule Seesen und dem Coll\u00e8ge Arthur-Rimbaud Belfort (D\u00e9partement Territoire de Belfort \/ R\u00e9gion Bourgogne-Franche-Comt\u00e9) partnerschaftliche Aktivit\u00e4ten statt. Dazu geh\u00f6ren neben den klassischen Brieffreundschaften, digitale Projekte und reale Sch\u00fclerbegegnungen zwischen Deutschen und Franzosen. Die erste reale Begegnung fand im April 2023 an einem Drittort (Breisach am Rhein) statt.Die Sch\u00fcler &hellip; Partnerschule in Belfort (Frankreich) weiterlesen &rarr;\" \/>\n<meta property=\"og:url\" content=\"https:\/\/obs-seesen.de\/?page_id=35\" \/>\n<meta property=\"og:site_name\" content=\"Oberschule Seesen\" \/>\n<meta property=\"article:modified_time\" content=\"2023-07-17T09:18:43+00:00\" \/>\n<meta name=\"twitter:label1\" content=\"Gesch\u00e4tzte Lesezeit\" \/>\n\t<meta name=\"twitter:data1\" content=\"1\u00a0Minute\" \/>\n<script type=\"application\/ld+json\" class=\"yoast-schema-graph\">{\"@context\":\"https:\\\/\\\/schema.org\",\"@graph\":[{\"@type\":\"WebPage\",\"@id\":\"https:\\\/\\\/obs-seesen.de\\\/?page_id=35\",\"url\":\"https:\\\/\\\/obs-seesen.de\\\/?page_id=35\",\"name\":\"Partnerschule in Belfort (Frankreich) - Oberschule Seesen\",\"isPartOf\":{\"@id\":\"https:\\\/\\\/obs-seesen.de\\\/#website\"},\"datePublished\":\"2014-07-31T17:01:14+00:00\",\"dateModified\":\"2023-07-17T09:18:43+00:00\",\"breadcrumb\":{\"@id\":\"https:\\\/\\\/obs-seesen.de\\\/?page_id=35#breadcrumb\"},\"inLanguage\":\"de\",\"potentialAction\":[{\"@type\":\"ReadAction\",\"target\":[\"https:\\\/\\\/obs-seesen.de\\\/?page_id=35\"]}]},{\"@type\":\"BreadcrumbList\",\"@id\":\"https:\\\/\\\/obs-seesen.de\\\/?page_id=35#breadcrumb\",\"itemListElement\":[{\"@type\":\"ListItem\",\"position\":1,\"name\":\"Home\",\"item\":\"https:\\\/\\\/obs-seesen.de\\\/\"},{\"@type\":\"ListItem\",\"position\":2,\"name\":\"\u00dcber uns\",\"item\":\"https:\\\/\\\/obs-seesen.de\\\/?page_id=41\"},{\"@type\":\"ListItem\",\"position\":3,\"name\":\"Partnerschule in Belfort (Frankreich)\"}]},{\"@type\":\"WebSite\",\"@id\":\"https:\\\/\\\/obs-seesen.de\\\/#website\",\"url\":\"https:\\\/\\\/obs-seesen.de\\\/\",\"name\":\"Oberschule Seesen\",\"description\":\"seit 1884 | Ganztagsschule | mit gymnasialem Angebot | Sch\u00fclerfriedenspreis 2015\",\"potentialAction\":[{\"@type\":\"SearchAction\",\"target\":{\"@type\":\"EntryPoint\",\"urlTemplate\":\"https:\\\/\\\/obs-seesen.de\\\/?s={search_term_string}\"},\"query-input\":{\"@type\":\"PropertyValueSpecification\",\"valueRequired\":true,\"valueName\":\"search_term_string\"}}],\"inLanguage\":\"de\"}]}<\/script>\n<!-- \/ Yoast SEO plugin. -->","yoast_head_json":{"title":"Partnerschule in Belfort (Frankreich) - Oberschule Seesen","robots":{"index":"index","follow":"follow","max-snippet":"max-snippet:-1","max-image-preview":"max-image-preview:large","max-video-preview":"max-video-preview:-1"},"canonical":"https:\/\/obs-seesen.de\/?page_id=35","og_locale":"de_DE","og_type":"article","og_title":"Partnerschule in Belfort (Frankreich) - Oberschule Seesen","og_description":"Seit dem Schuljahr 2021\/22 finden zwischen der Oberschule Seesen und dem Coll\u00e8ge Arthur-Rimbaud Belfort (D\u00e9partement Territoire de Belfort \/ R\u00e9gion Bourgogne-Franche-Comt\u00e9) partnerschaftliche Aktivit\u00e4ten statt. Dazu geh\u00f6ren neben den klassischen Brieffreundschaften, digitale Projekte und reale Sch\u00fclerbegegnungen zwischen Deutschen und Franzosen. Die erste reale Begegnung fand im April 2023 an einem Drittort (Breisach am Rhein) statt.Die Sch\u00fcler &hellip; Partnerschule in Belfort (Frankreich) weiterlesen &rarr;","og_url":"https:\/\/obs-seesen.de\/?page_id=35","og_site_name":"Oberschule Seesen","article_modified_time":"2023-07-17T09:18:43+00:00","twitter_misc":{"Gesch\u00e4tzte Lesezeit":"1\u00a0Minute"},"schema":{"@context":"https:\/\/schema.org","@graph":[{"@type":"WebPage","@id":"https:\/\/obs-seesen.de\/?page_id=35","url":"https:\/\/obs-seesen.de\/?page_id=35","name":"Partnerschule in Belfort (Frankreich) - Oberschule Seesen","isPartOf":{"@id":"https:\/\/obs-seesen.de\/#website"},"datePublished":"2014-07-31T17:01:14+00:00","dateModified":"2023-07-17T09:18:43+00:00","breadcrumb":{"@id":"https:\/\/obs-seesen.de\/?page_id=35#breadcrumb"},"inLanguage":"de","potentialAction":[{"@type":"ReadAction","target":["https:\/\/obs-seesen.de\/?page_id=35"]}]},{"@type":"BreadcrumbList","@id":"https:\/\/obs-seesen.de\/?page_id=35#breadcrumb","itemListElement":[{"@type":"ListItem","position":1,"name":"Home","item":"https:\/\/obs-seesen.de\/"},{"@type":"ListItem","position":2,"name":"\u00dcber uns","item":"https:\/\/obs-seesen.de\/?page_id=41"},{"@type":"ListItem","position":3,"name":"Partnerschule in Belfort (Frankreich)"}]},{"@type":"WebSite","@id":"https:\/\/obs-seesen.de\/#website","url":"https:\/\/obs-seesen.de\/","name":"Oberschule Seesen","description":"seit 1884 | Ganztagsschule | mit gymnasialem Angebot | Sch\u00fclerfriedenspreis 2015","potentialAction":[{"@type":"SearchAction","target":{"@type":"EntryPoint","urlTemplate":"https:\/\/obs-seesen.de\/?s={search_term_string}"},"query-input":{"@type":"PropertyValueSpecification","valueRequired":true,"valueName":"search_term_string"}}],"inLanguage":"de"}]}},"_links":{"self":[{"href":"https:\/\/obs-seesen.de\/index.php?rest_route=\/wp\/v2\/pages\/35","targetHints":{"allow":["GET"]}}],"collection":[{"href":"https:\/\/obs-seesen.de\/index.php?rest_route=\/wp\/v2\/pages"}],"about":[{"href":"https:\/\/obs-seesen.de\/index.php?rest_route=\/wp\/v2\/types\/page"}],"author":[{"embeddable":true,"href":"https:\/\/obs-seesen.de\/index.php?rest_route=\/wp\/v2\/users\/2"}],"replies":[{"embeddable":true,"href":"https:\/\/obs-seesen.de\/index.php?rest_route=%2Fwp%2Fv2%2Fcomments&post=35"}],"version-history":[{"count":3,"href":"https:\/\/obs-seesen.de\/index.php?rest_route=\/wp\/v2\/pages\/35\/revisions"}],"predecessor-version":[{"id":2635,"href":"https:\/\/obs-seesen.de\/index.php?rest_route=\/wp\/v2\/pages\/35\/revisions\/2635"}],"up":[{"embeddable":true,"href":"https:\/\/obs-seesen.de\/index.php?rest_route=\/wp\/v2\/pages\/41"}],"wp:attachment":[{"href":"https:\/\/obs-seesen.de\/index.php?rest_route=%2Fwp%2Fv2%2Fmedia&parent=35"}],"curies":[{"name":"wp","href":"https:\/\/api.w.org\/{rel}","templated":true}]}}