{"id":15,"date":"2014-07-31T16:49:10","date_gmt":"2014-07-31T14:49:10","guid":{"rendered":"http:\/\/hs-seesen.de\/obs\/?page_id=15"},"modified":"2024-01-24T15:29:05","modified_gmt":"2024-01-24T14:29:05","slug":"impressum","status":"publish","type":"page","link":"https:\/\/obs-seesen.de\/?page_id=15","title":{"rendered":"Impressum"},"content":{"rendered":"<div><a href=\"http:\/\/www.niedersachsen.de\"><strong>Land <span data-scayt_word=\"Niedersachsen\" data-scaytid=\"133\">Niedersachsen<\/span><\/strong><\/a> (<span data-scayt_word=\"Diensteanbieter\" data-scaytid=\"129\">Diensteanbieter<\/span> <span data-scayt_word=\"im\" data-scaytid=\"130\">im<\/span> <span data-scayt_word=\"Sinne\" data-scaytid=\"131\">Sinne<\/span> des <span data-scayt_word=\"Telemediengesetzes\" data-scaytid=\"138\">Telemediengesetzes<\/span>)<\/div>\n<div>Das Land <span data-scayt_word=\"Niedersachsen\" data-scaytid=\"163\">Niedersachsen<\/span> <span data-scayt_word=\"ist\" data-scaytid=\"164\">ist<\/span> <span data-scayt_word=\"eine\" data-scaytid=\"165\">eine<\/span> <span data-scayt_word=\"juristische\" data-scaytid=\"141\">juristische<\/span> Person des <span data-scayt_word=\"\u00f6ffentlichen\" data-scaytid=\"142\">\u00f6ffentlichen<\/span> <span data-scayt_word=\"Rechts\" data-scaytid=\"553\">Rechts<\/span>\u00a0<span data-scayt_word=\"vertreten\" data-scaytid=\"144\">vertreten<\/span> <span data-scayt_word=\"durch\" data-scaytid=\"145\">durch<\/span><\/div>\n<div><\/div>\n<div><span data-scayt_word=\"Realschulrektorin\" data-scaytid=\"273\">den Schulleiter Direktorstellvertreter Daniel Beyer<br \/>\n<\/span><\/div>\n<div><strong><span data-scayt_word=\"Realschule\" data-scaytid=\"283\">Oberschule <\/span><span data-scayt_word=\"SeesenSt.-Annen-Stra\u00dfe\" data-scaytid=\"284\">Seesen<\/span><\/strong><\/div>\n<div><span data-scayt_word=\"SeesenSt.-Annen-Stra\u00dfe\" data-scaytid=\"284\">St.-Annen-Stra\u00dfe<\/span> <span data-scayt_word=\"30a\" data-scaytid=\"13\">30a<\/span><\/div>\n<div>38723 <span data-scayt_word=\"Seesen\" data-scaytid=\"286\">Seesen<\/span><\/div>\n<div><span data-scayt_word=\"Telefon\" data-scaytid=\"15\">Telefon<\/span>: 05381\/ 980201<\/div>\n<div><span data-scayt_word=\"Telefax\" data-scaytid=\"16\">Telefax<\/span>: 05381\/ 980204<\/div>\n<div>E-Mail: <a href=\"mailto:obs-seesen@landkreis-goslar.de\">obs-seesen@landkreis-goslar.de<\/a> [<a title=\"Kontakt\" href=\"http:\/\/hs-seesen.de\/obs\/?page_id=17\"><span data-scayt_word=\"Kontakt\" data-scaytid=\"18\">Kontakt<\/span><\/a>]<\/div>\n<div><a href=\"mailto:%20%3Cscript%20language=%27JavaScript%27%20type=%27text\/javascript%27%3E%20%3C%21--%20var%20prefix%20=%20%27mailto:%27;%20var%20suffix%20=%20%27%27;%20var%20attribs%20=%20%27%27;%20var%20path%20=%20%27hr%27%20+%20%27ef%27%20+%20%27=%27;%20var%20addy42549%20=%20%27RS-Seesen%27%20+%20%27@%27;%20addy42549%20=%20addy42549%20+%20%27Landkreis-Goslar%27%20+%20%27.%27%20+%20%27de%27;%20document.write%28%20%27%3Ca%20%27%20+%20path%20+%20%27%5C%27%27%20+%20prefix%20+%20addy42549%20+%20suffix%20+%20%27%5C%27%27%20+%20attribs%20+%20%27%3E%27%20%29;%20document.write%28%20addy42549%20%29;%20document.write%28%20%27%3C%5C\/a%3E%27%20%29;%20\/\/--%3E%20%3C\/script%3E%3Cscript%20language=%27JavaScript%27%20type=%27text\/javascript%27%3E%20%3C%21--%20document.write%28%20%27%3Cspan%20style=%5C%27display:%20none;%5C%27%3E%27%20%29;%20\/\/--%3E%20%3C\/script%3EDiese%20E-Mail-Adresse%20ist%20gegen%20Spambots%20gesch%C3%BCtzt%21%20JavaScript%20muss%20aktiviert%20werden,%20damit%20sie%20angezeigt%20werden%20kann.%20%3Cscript%20language=%27JavaScript%27%20type=%27text\/javascript%27%3E%20%3C%21--%20document.write%28%20%27%3C\/%27%20%29;%20document.write%28%20%27span%3E%27%20%29;%20\/\/--%3E%20%3C\/script%3E\"><br \/>\n<\/a>Verantwortliche f\u00fcr den redaktionellen Teil i.S.d. \u00a7 55 Abs. 2 Rundfunkstaatsvertrag:<\/div>\n<div>Oberschulrektorin Svenja R\u00fcffer<\/div>\n<div><strong>Oberschule Seesen<\/strong><\/div>\n<div>\n<div><span data-scayt_word=\"SeesenSt.-Annen-Stra\u00dfe\" data-scaytid=\"284\">St.-Annen-Stra\u00dfe<\/span> <span data-scayt_word=\"30a\" data-scaytid=\"13\">30a<\/span><\/div>\n<div>38723 <span data-scayt_word=\"Seesen\" data-scaytid=\"286\">Seesen<\/span><\/div>\n<div><span data-scayt_word=\"Telefon\" data-scaytid=\"15\">Telefon<\/span>: 05381\/ 980201<\/div>\n<div><span data-scayt_word=\"Telefax\" data-scaytid=\"16\">Telefax<\/span>: 05381\/ 980204<\/div>\n<div>E-Mail: <a href=\"mailto:obs-seesen@landkreis-goslar.de\">obs-seesen@landkreis-goslar.de<\/a> [<a title=\"Kontakt\" href=\"http:\/\/hs-seesen.de\/obs\/?page_id=17\"><span data-scayt_word=\"Kontakt\" data-scaytid=\"18\">Kontakt<\/span><\/a>]<\/div>\n<\/div>\n<div><\/div>\n<div>Schulische Datenschutzbeauftragte:<\/div>\n<div>Zozan Defli (datenschutz@sz-seesen.de)<\/div>\n<div>\n<div><strong>Oberschule Seesen<\/strong><\/div>\n<div>\n<div><span data-scayt_word=\"SeesenSt.-Annen-Stra\u00dfe\" data-scaytid=\"284\">St.-Annen-Stra\u00dfe<\/span> <span data-scayt_word=\"30a\" data-scaytid=\"13\">30a<\/span><\/div>\n<div>38723 <span data-scayt_word=\"Seesen\" data-scaytid=\"286\">Seesen<\/span><\/div>\n<div><span data-scayt_word=\"Telefon\" data-scaytid=\"15\">Telefon<\/span>: 05381\/ 980201<\/div>\n<div><span data-scayt_word=\"Telefax\" data-scaytid=\"16\">Telefax<\/span>: 05381\/ 980204<\/div>\n<div>E-Mail: <a href=\"mailto:obs-seesen@landkreis-goslar.de\">obs-seesen@landkreis-goslar.de<\/a> [<a title=\"Kontakt\" href=\"http:\/\/hs-seesen.de\/obs\/?page_id=17\"><span data-scayt_word=\"Kontakt\" data-scaytid=\"18\">Kontakt<\/span><\/a>]<\/div>\n<\/div>\n<\/div>\n<div><\/div>\n<div><a href=\"http:\/\/www.landkreis-goslar.de\"><strong><span data-scayt_word=\"Schultr\u00e4gerLandkreis\" data-scaytid=\"536\"><span data-scayt_word=\"Landkreis\" data-scaytid=\"19\">Landkreis<\/span><\/span> <span data-scayt_word=\"Goslar\" data-scaytid=\"20\">Goslar<\/span><\/strong><\/a> (Schultr\u00e4ger)<br \/>\n<span data-scayt_word=\"Klubgartenstra\u00dfe\" data-scaytid=\"35\">Klubgartenstra\u00dfe<\/span> 6<br \/>\n38640 <span data-scayt_word=\"Goslar\" data-scaytid=\"31\">Goslar<\/span><br \/>\n<span data-scayt_word=\"Telefon\" data-scaytid=\"32\">Telefon<\/span>: 05321\/760<br \/>\n<span data-scayt_word=\"Telefax\" data-scaytid=\"33\">Telefax<\/span>: 05321\/76696<br \/>\nE-Mail: <a href=\"mailto:info@landkreis-goslar.de\">info@landkreis-goslar.de<\/a><\/div>\n<div><\/div>\n<div><\/div>\n<div><span style=\"text-decoration: underline;\"><strong><span data-scayt_word=\"Rechtliche\" data-scaytid=\"76\">Rechtliche<\/span> <span data-scayt_word=\"Hinweise\" data-scaytid=\"77\">Hinweise<\/span>:<\/strong><\/span><\/div>\n<div><strong>Wir weisen darauf hin, dass die Weiterverwendung aller Bilder und Texte auf obs-seesen.de der ausdr\u00fccklichen schriftlichen Genehmigung der Schule bedarf. Das gilt insbesondere f\u00fcr Fotos, auf denen Personen abgebildet sind!<\/strong><br \/>\nDie ver\u00f6ffentlichten Verweise auf Internetseiten anderer Anbieter (Links) werden sorgf\u00e4ltig ausgew\u00e4hlt und kontrolliert. Dennoch k\u00f6nnen wir f\u00fcr die dort ver\u00f6ffentlichten Inhalte keine Verantwortung \u00fcbernehmen.<\/div>\n<div><\/div>\n<pre>Quelle: http:\/\/datenschutz.nibis.de\/files\/impressumpflicht_nds.pdf<\/pre>\n","protected":false},"excerpt":{"rendered":"<p>Land Niedersachsen (Diensteanbieter im Sinne des Telemediengesetzes) Das Land Niedersachsen ist eine juristische Person des \u00f6ffentlichen Rechts\u00a0vertreten durch den Schulleiter Direktorstellvertreter Daniel Beyer Oberschule Seesen St.-Annen-Stra\u00dfe 30a 38723 Seesen Telefon: 05381\/ 980201 Telefax: 05381\/ 980204 E-Mail: obs-seesen@landkreis-goslar.de [Kontakt] Verantwortliche f\u00fcr den redaktionellen Teil i.S.d. \u00a7 55 Abs. 2 Rundfunkstaatsvertrag: Oberschulrektorin Svenja R\u00fcffer Oberschule Seesen St.-Annen-Stra\u00dfe &hellip; <a href=\"https:\/\/obs-seesen.de\/?page_id=15\" class=\"more-link\"><span class=\"screen-reader-text\">Impressum<\/span> weiterlesen <span class=\"meta-nav\">&rarr;<\/span><\/a><\/p>\n","protected":false},"author":2,"featured_media":0,"parent":0,"menu_order":0,"comment_status":"closed","ping_status":"closed","template":"","meta":{"footnotes":""},"class_list":["post-15","page","type-page","status-publish","hentry"],"yoast_head":"<!-- This site is optimized with the Yoast SEO plugin v27.3 - https:\/\/yoast.com\/product\/yoast-seo-wordpress\/ -->\n<title>Impressum - Oberschule Seesen<\/title>\n<meta name=\"robots\" content=\"index, follow, max-snippet:-1, max-image-preview:large, max-video-preview:-1\" \/>\n<link rel=\"canonical\" href=\"https:\/\/obs-seesen.de\/?page_id=15\" \/>\n<meta property=\"og:locale\" content=\"de_DE\" \/>\n<meta property=\"og:type\" content=\"article\" \/>\n<meta property=\"og:title\" content=\"Impressum - Oberschule Seesen\" \/>\n<meta property=\"og:description\" content=\"Land Niedersachsen (Diensteanbieter im Sinne des Telemediengesetzes) Das Land Niedersachsen ist eine juristische Person des \u00f6ffentlichen Rechts\u00a0vertreten durch den Schulleiter Direktorstellvertreter Daniel Beyer Oberschule Seesen St.-Annen-Stra\u00dfe 30a 38723 Seesen Telefon: 05381\/ 980201 Telefax: 05381\/ 980204 E-Mail: obs-seesen@landkreis-goslar.de [Kontakt] Verantwortliche f\u00fcr den redaktionellen Teil i.S.d. \u00a7 55 Abs. 2 Rundfunkstaatsvertrag: Oberschulrektorin Svenja R\u00fcffer Oberschule Seesen St.-Annen-Stra\u00dfe &hellip; Impressum weiterlesen &rarr;\" \/>\n<meta property=\"og:url\" content=\"https:\/\/obs-seesen.de\/?page_id=15\" \/>\n<meta property=\"og:site_name\" content=\"Oberschule Seesen\" \/>\n<meta property=\"article:modified_time\" content=\"2024-01-24T14:29:05+00:00\" \/>\n<meta name=\"twitter:label1\" content=\"Gesch\u00e4tzte Lesezeit\" \/>\n\t<meta name=\"twitter:data1\" content=\"1\u00a0Minute\" \/>\n<script type=\"application\/ld+json\" class=\"yoast-schema-graph\">{\"@context\":\"https:\\\/\\\/schema.org\",\"@graph\":[{\"@type\":\"WebPage\",\"@id\":\"https:\\\/\\\/obs-seesen.de\\\/?page_id=15\",\"url\":\"https:\\\/\\\/obs-seesen.de\\\/?page_id=15\",\"name\":\"Impressum - Oberschule Seesen\",\"isPartOf\":{\"@id\":\"https:\\\/\\\/obs-seesen.de\\\/#website\"},\"datePublished\":\"2014-07-31T14:49:10+00:00\",\"dateModified\":\"2024-01-24T14:29:05+00:00\",\"breadcrumb\":{\"@id\":\"https:\\\/\\\/obs-seesen.de\\\/?page_id=15#breadcrumb\"},\"inLanguage\":\"de\",\"potentialAction\":[{\"@type\":\"ReadAction\",\"target\":[\"https:\\\/\\\/obs-seesen.de\\\/?page_id=15\"]}]},{\"@type\":\"BreadcrumbList\",\"@id\":\"https:\\\/\\\/obs-seesen.de\\\/?page_id=15#breadcrumb\",\"itemListElement\":[{\"@type\":\"ListItem\",\"position\":1,\"name\":\"Home\",\"item\":\"https:\\\/\\\/obs-seesen.de\\\/\"},{\"@type\":\"ListItem\",\"position\":2,\"name\":\"Impressum\"}]},{\"@type\":\"WebSite\",\"@id\":\"https:\\\/\\\/obs-seesen.de\\\/#website\",\"url\":\"https:\\\/\\\/obs-seesen.de\\\/\",\"name\":\"Oberschule Seesen\",\"description\":\"seit 1884 | Ganztagsschule | mit gymnasialem Angebot | Sch\u00fclerfriedenspreis 2015\",\"potentialAction\":[{\"@type\":\"SearchAction\",\"target\":{\"@type\":\"EntryPoint\",\"urlTemplate\":\"https:\\\/\\\/obs-seesen.de\\\/?s={search_term_string}\"},\"query-input\":{\"@type\":\"PropertyValueSpecification\",\"valueRequired\":true,\"valueName\":\"search_term_string\"}}],\"inLanguage\":\"de\"}]}<\/script>\n<!-- \/ Yoast SEO plugin. -->","yoast_head_json":{"title":"Impressum - Oberschule Seesen","robots":{"index":"index","follow":"follow","max-snippet":"max-snippet:-1","max-image-preview":"max-image-preview:large","max-video-preview":"max-video-preview:-1"},"canonical":"https:\/\/obs-seesen.de\/?page_id=15","og_locale":"de_DE","og_type":"article","og_title":"Impressum - Oberschule Seesen","og_description":"Land Niedersachsen (Diensteanbieter im Sinne des Telemediengesetzes) Das Land Niedersachsen ist eine juristische Person des \u00f6ffentlichen Rechts\u00a0vertreten durch den Schulleiter Direktorstellvertreter Daniel Beyer Oberschule Seesen St.-Annen-Stra\u00dfe 30a 38723 Seesen Telefon: 05381\/ 980201 Telefax: 05381\/ 980204 E-Mail: obs-seesen@landkreis-goslar.de [Kontakt] Verantwortliche f\u00fcr den redaktionellen Teil i.S.d. \u00a7 55 Abs. 2 Rundfunkstaatsvertrag: Oberschulrektorin Svenja R\u00fcffer Oberschule Seesen St.-Annen-Stra\u00dfe &hellip; Impressum weiterlesen &rarr;","og_url":"https:\/\/obs-seesen.de\/?page_id=15","og_site_name":"Oberschule Seesen","article_modified_time":"2024-01-24T14:29:05+00:00","twitter_misc":{"Gesch\u00e4tzte Lesezeit":"1\u00a0Minute"},"schema":{"@context":"https:\/\/schema.org","@graph":[{"@type":"WebPage","@id":"https:\/\/obs-seesen.de\/?page_id=15","url":"https:\/\/obs-seesen.de\/?page_id=15","name":"Impressum - Oberschule Seesen","isPartOf":{"@id":"https:\/\/obs-seesen.de\/#website"},"datePublished":"2014-07-31T14:49:10+00:00","dateModified":"2024-01-24T14:29:05+00:00","breadcrumb":{"@id":"https:\/\/obs-seesen.de\/?page_id=15#breadcrumb"},"inLanguage":"de","potentialAction":[{"@type":"ReadAction","target":["https:\/\/obs-seesen.de\/?page_id=15"]}]},{"@type":"BreadcrumbList","@id":"https:\/\/obs-seesen.de\/?page_id=15#breadcrumb","itemListElement":[{"@type":"ListItem","position":1,"name":"Home","item":"https:\/\/obs-seesen.de\/"},{"@type":"ListItem","position":2,"name":"Impressum"}]},{"@type":"WebSite","@id":"https:\/\/obs-seesen.de\/#website","url":"https:\/\/obs-seesen.de\/","name":"Oberschule Seesen","description":"seit 1884 | Ganztagsschule | mit gymnasialem Angebot | Sch\u00fclerfriedenspreis 2015","potentialAction":[{"@type":"SearchAction","target":{"@type":"EntryPoint","urlTemplate":"https:\/\/obs-seesen.de\/?s={search_term_string}"},"query-input":{"@type":"PropertyValueSpecification","valueRequired":true,"valueName":"search_term_string"}}],"inLanguage":"de"}]}},"_links":{"self":[{"href":"https:\/\/obs-seesen.de\/index.php?rest_route=\/wp\/v2\/pages\/15","targetHints":{"allow":["GET"]}}],"collection":[{"href":"https:\/\/obs-seesen.de\/index.php?rest_route=\/wp\/v2\/pages"}],"about":[{"href":"https:\/\/obs-seesen.de\/index.php?rest_route=\/wp\/v2\/types\/page"}],"author":[{"embeddable":true,"href":"https:\/\/obs-seesen.de\/index.php?rest_route=\/wp\/v2\/users\/2"}],"replies":[{"embeddable":true,"href":"https:\/\/obs-seesen.de\/index.php?rest_route=%2Fwp%2Fv2%2Fcomments&post=15"}],"version-history":[{"count":6,"href":"https:\/\/obs-seesen.de\/index.php?rest_route=\/wp\/v2\/pages\/15\/revisions"}],"predecessor-version":[{"id":3013,"href":"https:\/\/obs-seesen.de\/index.php?rest_route=\/wp\/v2\/pages\/15\/revisions\/3013"}],"wp:attachment":[{"href":"https:\/\/obs-seesen.de\/index.php?rest_route=%2Fwp%2Fv2%2Fmedia&parent=15"}],"curies":[{"name":"wp","href":"https:\/\/api.w.org\/{rel}","templated":true}]}}